t of 278596209?
6
What is the tens digit of 68492380?
8
What is the hundred millions digit of 6948728902?
9
What is the ten thousands digit of 1012392329?
9
What is the hundred millions digit of 557699735?
5
What is the ten thousands digit of 452040375?
4
What is the units digit of 588361845?
5
What is the ten millions digit of 216957121?
1
What is the units digit of 2853878367?
7
What is the ten millions digit of 207923389?
0
What is the units digit of 13495457?
7
What is the hundreds digit of 118453029?
0
What is the hundreds digit of 71709337?
3
What is the ten millions digit of 229882327?
2
What is the ten millions digit of 5240688372?
4
What is the units digit of 111822330?
0
What is the thousands digit of 802076255?
6
What is the tens digit of 529409094?
9
What is the ten millions digit of 419703276?
1
What is the ten millions digit of 209620307?
0
What is the ten millions digit of 10700374?
1
What is the units digit of 138486327?
7
What is the hundreds digit of 153268696?
6
What is the hundred thousands digit of 12177336?
1
What is the ten thousands digit of 3912399081?
9
What is the units digit of 418814888?
8
What is the tens digit of 743436882?
8
What is the thousands digit of 91172913?
2
What is the tens digit of 63858621?
2
What is the thousands digit of 945432979?
2
What is the hundred thousands digit of 1055848023?
8
What is the thousands digit of 139981388?
1
What is the units digit of 3593840429?
9
What is the units digit of 56357861?
1
What is the thousands digit of 17864685?
4
What is the tens digit of 3371545862?
6
What is the thousands digit of 69711404?
1
What is the thousands digit of 47764106?
4
What is the tens digit of 163427068?
6
What is the tens digit of 335145795?
9
What is the hundred thousands digit of 2690236272?
2
What is the tens digit of 701045314?
1
What is the hundred millions digit of 545585286?
5
What is the hundred millions digit of 4958904889?
9
What is the units digit of 243731911?
1
What is the ten millions digit of 483123115?
8
What is the thousands digit of 2133580921?
0
What is the hundreds digit of 493831917?
9
What is the units digit of 17171012?
2
What is the hundred thousands digit of 51305399?
3
What is the hundred millions digit of 368819347?
3
What is the hundred thousands digit of 495408964?
4
What is the thousands digit of 72288296?
8
What is the hundred millions digit of 1086974698?
0
What is the hundreds digit of 101293437?
4
What is the units digit of 229195246?
6
What is the hundred millions digit of 149903799?
1
What is the ten millions digit of 5350208970?
5
What is the hundred thousands digit of 596701890?
7
What is the millions digit of 3786413099?
6
What is the hundred thousands digit of 1649948136?
9
What is the ten thousands digit of 9292861380?
6
What is the tens digit of 65962486?
8
What is the units digit of 415283175?
5
What is the tens digit of 4609300230?
3
What is the millions digit of 96957023?
6
What is the hundred thousands digit of 316929316?
9
What is the thousands digit of 1572999437?
9
What is the hundreds digit of 667223741?
7
What is the hundred thousands digit of 259158867?
1
What is the hundred thousands digit of 4174024?
1
What is the ten thousands digit of 97114376?
1
What is the thousands digit of 49191591?
1
What is the units digit of 4679939192?
2
What is the thousands digit of 64133197?
3
What is the hundreds digit of 4351849493?
4
What is the millions digit of 8787881?
8
What is the millions digit of 876774179?
6
What is the units digit of 794042443?
3
What is the ten millions digit of 39849394?
3
What is the hundred thousands digit of 1467802448?
8
What is the units digit of 4082151680?
0
What is the hundred thousands digit of 466929445?
9
What is the billions digit of 5473044040?
5
What is the thousands digit of 138960585?
0
What is the hundred thousands digit of 77348983?
3
What is the tens digit of 916718927?
2
What is the units digit of 398449625?
5
What is the hundreds digit of 22616144?
1
What is the billions digit of 1717662809?
1
What is the tens digit of 304689866?
6
What is the hundred thousands digit of 388357812?
3
What is the thousands digit of 437412191?
2
What is the units digit of 90535948?
8
What is the millions digit of 277545509?
7
What is the ten thousands digit of 1031414116?
1
What is the ten thousands digit of 48437546?
3
What is the tens digit of 313690571?
7
What is the ten thousands digit of 1658336013?
3
What is the ten thousands digit of 546429486?
2
What is the tens digit of 1627753402?
0
What is the ten millions digit of 12550924?
1
What is the units digit of 399939415?
5
What is the thousands digit of 336974533?
4
What is the hundred thousands digit of 985199420?
1
What is the millions digit of 19423012?
9
What is the hundreds digit of 6971992?
9
What is the millions digit of 204172195?
4
What is the thousands digit of 21698710?
8
What is the units digit of 82972605?
5
What is the tens digit of 1738104836?
3
What is the hundred thousands digit of 99076163?
0
What is the hundred thousands digit of 45059016?
0
What is the hundred millions digit of 455466240?
4
What is the millions digit of 191710463?
1
What is the units digit of 528574192?
2
What is the thousands digit of 30696070?
6
What is the hundred thousands digit of 4759110287?
1
What is the ten thousands digit of 1441320178?
2
What is the thousands digit of 350906772?
6
What is the millions digit of 52113901?
2
What is the hundreds digit of 43369335?
3
What is the ten thousands digit of 104279329?
7
What is the hundreds digit of 475839178?
1
What is the hundred millions digit of 6647202830?
6
What is the millions digit of 384184015?
4
What is the ten thousands digit of 204835444?
3
What is the millions digit of 575734243?
5
What is the thousands digit of 23796759?
6
What is the millions digit of 24471852?
4
What is the ten thousands digit of 622942944?
4
What is the hundred thousands digit of 381959177?
9
What is the hundred thousands digit of 302526780?
5
What is the units digit of 243505334?
4
What is the ten thousands digit of 592394047?
9
What is the thousands digit of 40694816?
4
What is the hundred millions digit of 141683003?
1
What is the hundred thousands digit of 372935857?
9
What is the units digit of 9254407147?
7
What is the hundred thousands digit of 6200458890?
4
What is the millions digit of 794784420?
4
What is the millions digit of 8684188?
8
What is the hundreds digit of 73986720?
7
What is the ten millions digit of 4833742534?
3
What is the millions digit of 159496456?
9
What is the ten millions digit of 2574350911?
7
What is the millions digit of 59762925?
9
What is the thousands digit of 250256051?
6
What is the thousands digit of 883831353?
1
What is the thousands digit of 64964017?
4
What is the tens digit of 46807283?
8
What is the units digit of 8578779?
9
What is the billions digit of 2414960841?
2
What is the hundred thousands digit of 151636948?
6
What is the units digit of 35618539?
9
What is the ten millions digit of 611544650?
1
What is the tens digit of 3328704711?
1
What is the thousands digit of 387973744?
3
What is the units digit of 353205500?
0
What is the tens digit of 44051855?
5
What is the ten millions digit of 1173297211?
7
What is the hundred thousands digit of 2422244979?
2
What is the hundred thousands digit of 407312195?
3
What is the ten millions digit of 11534717?
1
What is the tens digit of 345974647?
4
What is the hundreds digit of 344829253?
2
What is the hundreds digit of 331137816?
8
What is the thousands digit of 4398825258?
5
What is the thousands digit of 31370581?
0
What is the thousands digit of 401370606?
0
What is the ten thousands digit of 7860270?
6
What is the units digit of 456832120?
0
What is the hundred thousands digit of 154649059?
6
What is the tens digit of 38504166?
6
What is the ten thousands digit of 937545407?
4
What is the ten thousands digit of 172280923?
8
What is the millions digit of 541653157?
1
What is the ten thousands digit of 2296865513?
6
What is the billions digit of 8573843958?
8
What is the units digit of 83530300?
0
What is the tens digit of 38438187?
8
What is the ten thousands digit of 1084368762?
6
What is the tens digit of 24549605?
0
What is the thousands digit of 70384